887
What are the prime factors of 507919?
507919
What are the prime factors of 8286143?
43, 131, 1471
List the prime factors of 705596.
2, 419, 421
List the prime factors of 26920458.
2, 3, 498527
What are the prime factors of 1519362?
2, 3, 13, 43, 151
What are the prime factors of 22590457?
67, 193, 1747
What are the prime factors of 4704?
2, 3, 7
List the prime factors of 1539131.
11, 139921
What are the prime factors of 259013?
179, 1447
List the prime factors of 4594611.
3, 7, 331, 661
List the prime factors of 1530194.
2, 765097
List the prime factors of 5246670.
2, 3, 5, 11, 13, 1223
List the prime factors of 12110695.
5, 19, 127481
List the prime factors of 536038.
2, 23, 43, 271
What are the prime factors of 667996?
2, 7, 23857
What are the prime factors of 24102537?
3, 809, 9931
What are the prime factors of 580576?
2, 18143
List the prime factors of 27514.
2, 13757
What are the prime factors of 4148712?
2, 3, 19207
List the prime factors of 383625.
3, 5, 11, 31
List the prime factors of 2281817.
31, 73607
What are the prime factors of 1283439?
3, 427813
What are the prime factors of 8048?
2, 503
What are the prime factors of 960680?
2, 5, 7, 47, 73
List the prime factors of 136640.
2, 5, 7, 61
What are the prime factors of 780475?
5, 31219
List the prime factors of 657810.
2, 3, 5, 7309
List the prime factors of 34436.
2, 8609
List the prime factors of 711824.
2, 17, 2617
List the prime factors of 992188.
2, 17, 14591
List the prime factors of 10318.
2, 7, 11, 67
What are the prime factors of 1346993?
1346993
What are the prime factors of 16926973?
7, 41, 58979
List the prime factors of 6672213.
3, 82373
List the prime factors of 389975.
5, 19, 821
List the prime factors of 641089.
641089
List the prime factors of 6356561.
43, 147827
What are the prime factors of 4279977?
3, 13, 157, 233
List the prime factors of 2331040.
2, 5, 17, 857
List the prime factors of 5241056.
2, 23, 7121
List the prime factors of 90269.
19, 4751
List the prime factors of 3753065.
5, 750613
List the prime factors of 15233796.
2, 3, 41, 10321
What are the prime factors of 1677144?
2, 3, 7, 67, 149
List the prime factors of 37501328.
2, 2343833
What are the prime factors of 384122?
2, 149, 1289
What are the prime factors of 169510?
2, 5, 11, 23, 67
List the prime factors of 4744945.
5, 948989
What are the prime factors of 30745?
5, 11, 13, 43
What are the prime factors of 2678598?
2, 3, 13, 11447
List the prime factors of 190530.
2, 3, 5, 29, 73
List the prime factors of 611980.
2, 5, 37, 827
List the prime factors of 1361868.
2, 3, 113489
What are the prime factors of 869894?
2, 434947
List the prime factors of 31995854.
2, 11, 139, 10463
List the prime factors of 268108.
2, 97, 691
List the prime factors of 832879.
832879
What are the prime factors of 513967?
29, 37, 479
List the prime factors of 9295364.
2, 13, 178757
What are the prime factors of 4741949?
373, 12713
List the prime factors of 197567.
197567
What are the prime factors of 254852?
2, 13, 29
List the prime factors of 326945.
5, 23, 2843
List the prime factors of 1175272.
2, 7, 31, 677
What are the prime factors of 440510?
2, 5, 7, 29, 31
What are the prime factors of 1740354?
2, 3, 7, 11, 3767
List the prime factors of 369621.
3, 7, 5867
List the prime factors of 2947685.
5, 13, 101, 449
List the prime factors of 24063152.
2, 23, 2843
What are the prime factors of 180392?
2, 22549
List the prime factors of 225567.
3, 71, 353
List the prime factors of 19366380.
2, 3, 5, 11, 9781
List the prime factors of 14707522.
2, 47, 3329
What are the prime factors of 339810?
2, 3, 5, 47, 241
List the prime factors of 3012531.
3, 269, 3733
List the prime factors of 4705789.
11, 419, 1021
What are the prime factors of 446746?
2, 139, 1607
List the prime factors of 5278883.
83, 63601
What are the prime factors of 2880983?
7, 411569
What are the prime factors of 646152?
2, 3, 13, 19, 109
What are the prime factors of 30314858?
2, 7, 1279, 1693
List the prime factors of 2292599.
101, 22699
List the prime factors of 685775.
5, 27431
What are the prime factors of 139068?
2, 3, 3863
What are the prime factors of 895637?
73, 12269
What are the prime factors of 6494244?
2, 3, 271, 1997
List the prime factors of 180471.
3, 43, 1399
What are the prime factors of 445435?
5, 89087
What are the prime factors of 61117?
7, 8731
List the prime factors of 1485305.
5, 297061
List the prime factors of 171490.
2, 5, 11, 1559
What are the prime factors of 10865525?
5, 11, 39511
List the prime factors of 10433271.
3, 3477757
List the prime factors of 468255.
3, 5, 19, 31, 53
What are the prime factors of 273796?
2, 68449
List the prime factors of 17192875.
5, 7, 401
What are the prime factors of 1083715?
5, 216743
What are the prime factors of 345100?
2, 5, 7, 17, 29
What are the prime factors of 134262?
2, 3, 7459
List the prime factors of 2930696.
2, 37, 9901
What are the prime factors of 3040914?
2, 3, 31, 16349
List the prime factors of 128227.
11, 11657
What are the prime factors of 204022?
2, 7, 13, 19, 59
What are the prime factors of 32186233?
883, 36451
What are the prime factors of 51218?
2, 25609
List the prime factors of 2906183.
7, 19, 21851
List the prime factors of 1162624.
2, 31, 293
What are the prime factors of 382972?
2, 67, 1429
What are the prime factors of 372398?
2, 13, 14323
List the prime factors of 1292384.
2, 40387
List the prime factors of 4360178.
2, 2180089
List the prime factors of 360950.
2, 5, 7219
List the prime factors of 234651.
3, 17, 43, 107
List the prime factors of 88152.
2, 3, 3673
What are the prime factors of 1093594?
2, 353, 1549
List the prime factors of 97179.
3, 29, 1117
List the prime factors of 1413156.
2, 3, 117763
What are the prime factors of 3569101?
449, 7949
List the prime factors of 2907441.
3, 257, 419
List the prime factors of 867360.
2, 3, 5, 13, 139
What are the prime factors of 314907?
3, 37, 2837
List the prime factors of 220937.
31, 7127
What are the prime factors of 7153498?
2, 11, 17, 31, 617
List the prime factors of 34370387.
34370387
What are the prime factors of 5371347?
3, 103, 17383
List the prime factors of 2163630.
2, 3, 5, 7, 10303
What are the prime factors of 28004?
2, 7001
List the prime factors of 178725.
3, 5, 2383
What are the prime factors of 458489?
19, 59, 409
List the prime factors of 3512302.
2, 17, 19, 5437
List the prime factors of 72021.
3, 24007
What are the prime factors of 914750?
2, 5, 3659
What are the prime factors of 2314185?
3, 5, 154279
What are the prime factors of 124437?
3, 41479
What are the prime factors of 7978367?
7978367
What are the prime factors of 170020?
2, 5, 8501
What are the prime factors of 112310?
2, 5, 11, 1021
What are the prime factors of 4493?
4493
List the prime factors of 383627.
383627
List the prime factors of 1084071.
3, 361357
What are the prime factors of 669635?
5, 199, 673
List the prime factors of 487054.
2, 243527
List the prime factors of 33498074.
2, 23, 29, 25111
What are the prime factors of 44316?
2, 3, 1231
List the prime factors of 387323.
409, 947
What are the prime factors of 2258361?
3, 7, 569
List the prime factors of 4588121.
4588121
What are the prime factors of 3816479?
389, 9811
What are the prime factors of 2222449?
19, 53, 2207
List the prime factors of 18810603.
3, 7, 99527
List the prime factors of 1547217.
3, 7, 41, 599
What are the prime factors of 7628595?
3, 5, 13, 19, 29, 71
What are the prime factors of 742205?
5, 79, 1879
What are the prime factors of 166396?
2, 17, 2447
List the prime factors of 159430.
2, 5, 107, 149
What are the prime factors of 263842?
2, 29, 4549
What are the prime factors of 15010338?
2, 3, 7, 357389
List the prime factors of 1800895.
5, 17, 21187
What are the prime factors of 838594?
2, 419297
What are the prime factors of 1190024?
2, 11, 13523
What are the prime factors of 193906?
2, 96953
List the prime factors of 26228383.
29, 197, 4591
What are the prime factors of 181602?
2, 3, 19, 59
What are the prime factors of 13798207?
13798207
List the prime factors of 8085170.
2, 5, 808517
What are the prime factors of 1918887?
3, 523, 1223
What are the prime factors of 16535?
5, 3307
What are the prime factors of 4233115?
5, 251, 3373
List the prime fa